f(1). Calculate the highest common divisor of h and 4.
1
Let d be (-1320)/528*352/(-5). Let r = 30 + 82. Calculate the highest common divisor of d and r.
16
Suppose 40*w = 10534 + 8014 - 5108. What is the highest common divisor of w and 2800?
112
Let q = -29 + 9. Let a = -32 - q. Let p = 22 + a. What is the highest common factor of p and 5?
5
Let q be (-7 - 25/(-10))*(11 + 2)*-2. Calculate the greatest common divisor of q and 91.
13
Let z be (12/(-10))/((-37)/(-2590)). Let k = 90 + z. What is the highest common factor of 6 and k?
6
Let n(u) = u**3 + 23*u**2 + 23*u + 19. Let c be n(-22). Let z(s) = -27*s - 12. Let y be z(c). Let b = y - 35. Calculate the highest common factor of b and 51.
17
Let i(u) = -89*u + 1076. Let m be i(12). Let h(x) = x**2 + 2*x + 5*x + 6 - 30. Let v be h(m). Calculate the greatest common factor of v and 12.
12
Suppose -11*l + 9*l + 30 = 0. Suppose -l*d = -12*d - 9. Suppose 153 = 6*h - h - d*b, 5*h = -3*b + 147. Calculate the highest common divisor of h and 15.
15
Suppose 0 = 5*i - 3*v - 405, 2*i - 2*v - 670 = -504. What is the greatest common factor of i and 63?
3
Let i(g) = -2*g**2 + 63*g + 212. Let m be i(29). Calculate the greatest common factor of m and 273.
21
Let v be 14 + (-15 - (13 - 25)). Calculate the greatest common divisor of v and 22891.
11
Suppose 36*u - 48 - 120 = 12. What is the highest common divisor of 185 and u?
5
Let p be (-1)/(2*(-2)/164). Let w = p + -38. Suppose -w = -10*j + 17. What is the highest common divisor of j and 8?
2
Suppose 0 = -10*f + 8*f + 4*k + 128, 3*f - 181 = -5*k. What is the greatest common divisor of 10478 and f?
62
Let i be ((-1)/(5/(-165)))/1. Let q be -8 - -3 - (2 - i). Let c = -77 - -168. Calculate the highest common factor of q and c.
13
Let c(g) = 161*g - 3619. Let j be c(23). What is the highest common factor of j and 875?
7
Let s(v) = 109*v**2 - 46*v + 125. Let t be s(3). Calculate the highest common divisor of 440 and t.
88
Let u = 7 - 4. Let o be (-4*u/(-12) - -17) + -2. Suppose o + 2 = x. What is the greatest common divisor of 12 and x?
6
Let x be (-159 - -184) + (-10)/1. Suppose -y + 10 = i, -4*y - 40 = -4*i - y. Let g be 452/i + 1/(-5). Calculate the greatest common divisor of x and g.
15
Let x be -1 + -8 + 11000 - 15. What is the greatest common divisor of 32 and x?
32
Suppose -4*h + 53 = 985. Let v be (h/4)/(2/(-8)). Suppose 68 - v = -5*x. What is the highest common factor of 3 and x?
3
Suppose 3*t + 41 = 4*j - 131, -4*t + 104 = 3*j. Calculate the greatest common factor of j and 8080.
40
Suppose 2*q - 65 = -2*s + 271, 186 = s - 5*q. What is the highest common divisor of 441 and s?
9
Let i be ((-58)/10)/((-34)/255*(-12)/(-1928)). What is the greatest common divisor of 58 and i?
29
Suppose -3960890 - 3202513 = -199*o. Calculate the greatest common divisor of o and 13.
13
Suppose 0 = -5*b + 2*a + 552, -8*b - 3*a + 437 = -4*b. Suppose -115*w + 35 = -b*w. Calculate the highest common divisor of 21 and w.
7
Let r = -130 - -126. Let v be (-88)/3*(-7 + (-22)/r). Calculate the greatest common divisor of v and 110.
22
Let o be (-2 - (-8)/(-6))*(-162)/9. Suppose 0 = -z - 3*j + 39 + 483, 3*z - 1526 = j. What is the highest common divisor of o and z?
30
Let v(r) be the second derivative of -71*r**3/6 + 3*r**2 - 6*r. Let g be v(-2). Let a = 239 - g. Calculate the greatest common divisor of 13 and a.
13
Let t be -12 - 228/(11 - 23). Calculate the highest common factor of t and 18781.
7
Let n(c) = 11*c + 16. Suppose -24 = b + 4*u, b - 4*u - 3 = 13. Let r be n(b). Let z = r + 32. What is the highest common divisor of 32 and z?
4
Let r(u) = -u**2 - 369*u - 14296. Let v be r(-45). What is the highest common divisor of 13774 and v?
142
Suppose -71*t - t + 58157 = -72019. Calculate the highest common divisor of 32 and t.
16
Suppose 206*c - 94*c - 440 = 101*c. What is the highest common factor of c and 5720?
40
Let j(p) = 25*p**2 + 116*p + 118. Let q be j(-1). Calculate the greatest common divisor of 288 and q.
9
Let w(b) = 21*b**3 - b + 46. Let s be w(0). Calculate the highest common factor of s and 2714.
46
Let u(h) = 3*h - 12. Let o be u(-2). Let n be 16 + ((-2)/(-1))/((-12)/o). Calculate the greatest common factor of 361 and n.
19
Suppose -275 = -7*q + 726. Calculate the highest common factor of 99 and q.
11
Let j(u) = -42*u**3 - u**2 + 7*u + 7. Let z be j(-1). Let s = -1 + z. Calculate the highest common factor of 200 and s.
40
Let p be (-2)/((-22)/473) - (4 + -6). Calculate the highest common divisor of 2817 and p.
9
Let k = 652956 - 652252. Let z(i) = -i**3 + 3*i**2 + 3*i - 1. Let b be z(-3). What is the highest common divisor of b and k?
44
Let m be 73 + -24 - (1 - -13). What is the greatest common factor of 945 and m?
35
Let b be (-1)/(0 - 2/10). Let l(o) = -2279 - 5*o + 1148 + 1143 + 3*o. Let j be l(b). Calculate the greatest common divisor of 26 and j.
2
Let d = -5082 + 5422. What is the greatest common factor of 480 and d?
20
Let r(u) = -20*u**3 - 5*u**2 - 11*u + 16. Let n be r(-3). Suppose -6*a - 102 = -510. What is the greatest common divisor of a and n?
68
Let m be 33264/308*(12/9 - 1). Calculate the greatest common divisor of 1521 and m.
9
Let c(a) = a**3 + 4*a**2 - 6*a - 3. Let o be c(-6). Let u be (o - 11)*1*-1. Let g = -12296 - -12326. Calculate the greatest common factor of u and g.
10
Let p = 29470 - 29435. What is the greatest common divisor of 4249 and p?
7
Let u(p) = 37*p - p**3 - 67*p**2 + 75*p**2 - 2 + 4 - 23. Let n be u(11). Calculate the greatest common divisor of 161 and n.
23
Let j = 62 - 52. Suppose -633 = 4*a + 5*x, -2*x - 642 = 5*a - a. Let m = a + 322. What is the greatest common factor of m and j?
10
Let a(y) = 1211*y + 10497. Let j be a(-6). Calculate the greatest common factor of j and 45.
9
Suppose 5*l = 11*z - 13*z + 104, -2*z + 120 = 3*l. Calculate the greatest common factor of 1629 and z.
9
Let j = -29 - -41. Suppose -11*p + 792 = -2266. Suppose -3*t = -2*n - 292, -4*t + t - 5*n + p = 0. Calculate the greatest common divisor of t and j.
12
Let c be (-2 - 0/1 - 3) + 112/4. What is the greatest common factor of 2001 and c?
23
Suppose -11*g + 32 = -7*g. Suppose 124 = 5*o + 3*t, -t + 103 = 4*o + g. Suppose -26 = -m - o. Calculate the greatest common divisor of m and 6.
3
Let x be (-33)/(-6)*1529/(-55)*-10. Calculate the highest common divisor of 11 and x.
11
Suppose 4*a - 5*a - b + 5 = 0, -2*a - b + 10 = 0. Let s(p) = 9 - 9 - 45*p - 5. Let t be s(-1). Calculate the highest common divisor of t and a.
5
Suppose 1332 + 10422 - 904 = 62*b. Calculate the greatest common factor of b and 275.
25
Let j = -14 + 38. Let f be -2*((-2)/3 + (-861)/126). Let d be 0/9 + (f - -1). Calculate the greatest common factor of j and d.
8
Let a = -1768 + 1913. Calculate the greatest common factor of 1827 and a.
29
Suppose -7*v + 16*v = 135. Let g be (-3090)/(-12) - v/10. What is the highest common factor of g and 16?
16
Suppose 4*v - 42282 = 5*o, 2*v - 3*o - 20986 = 156. What is the highest common divisor of v and 8?
8
Suppose -4*m + 0*t + 5*t + 49 = 0, -5*m + 5 = 5*t. Let p be ((-456)/(-15))/(m/15). What is the highest common divisor of p and 19?
19
Let i = -617 - -788. Calculate the highest common divisor of i and 252.
9
Let z = 595 - 308. Let w be (25/5)/1 - -2. What is the highest common factor of w and z?
7
Let v = 317 + -292. Suppose 39*g - 1092 = v*g. What is the highest common divisor of g and 208?
26
Suppose 128*q - 497 = 121*q. Let u be q/4 + 6 + (-270)/40. Let w = -2 - -3. Calculate the highest common factor of u and w.
1
Let o = 50 - 32. Suppose -5*d + 11 = -z + 85, -2*d + 290 = 3*z. Suppose -z = -p - 92. What is the highest common factor of o and p?
2
Let w = -23402 + 24644. Calculate the highest common factor of 3450 and w.
138
Let w = -2477 - -2491. What is the highest common factor of 146 and w?
2
Let j = 124 + 588. Suppose 212 = -5*v + j. Calculate the greatest common divisor of v and 50.
50
Suppose 77*l = 132*l - 3300. Suppose -4*b - 36 = -156. What is the greatest common factor of b and l?
30
Suppose -4*y = -8, -6*k + 3*k = -4*y - 1. Suppose 0 = -k*u - 0*u + 144. Calculate the greatest common divisor of 36 and u.
12
Suppose -2*n = -2*j - 12 + 62, -26 = -3*j - 4*n. Calculate the highest common divisor of j and 1038.
6
Let z(i) = i**2 - 8*i + 10. Sup